3069
What are the prime factors of 220280955?
3, 5, 29, 506393
List the prime factors of 634301401.
541, 1172461
What are the prime factors of 89176143?
3, 7, 73, 58171
What are the prime factors of 3313295?
5, 53, 12503
List the prime factors of 55858338.
2, 3, 3103241
What are the prime factors of 80533026?
2, 3, 7, 639151
What are the prime factors of 24755354?
2, 13, 952129
List the prime factors of 203735033.
203735033
What are the prime factors of 67610590?
2, 5, 6761059
What are the prime factors of 46193542?
2, 3889, 5939
What are the prime factors of 28700222?
2, 19, 127, 313
List the prime factors of 347321183.
11, 23, 37, 3373
What are the prime factors of 112119368?
2, 14014921
What are the prime factors of 866699003?
19, 109, 418493
What are the prime factors of 32599004?
2, 23, 354337
List the prime factors of 2640874282.
2, 17, 77672773
List the prime factors of 49421014.
2, 19, 1300553
What are the prime factors of 2636009880?
2, 3, 5, 7, 1307
List the prime factors of 57805243.
57805243
What are the prime factors of 125497075?
5, 11, 456353
What are the prime factors of 185945741?
185945741
List the prime factors of 596556078.
2, 3, 17, 5848589
List the prime factors of 324909769.
53, 6130373
What are the prime factors of 106782508?
2, 7, 17, 19, 11807
List the prime factors of 669753531.
3, 74417059
What are the prime factors of 5489960650?
2, 5, 4549, 24137
What are the prime factors of 1923522071?
37, 59, 277, 3181
What are the prime factors of 416495619?
3, 101, 458191
What are the prime factors of 403048697?
281, 1434337
What are the prime factors of 214171313?
811, 264083
List the prime factors of 49966105.
5, 7, 19, 227, 331
What are the prime factors of 486194168?
2, 313, 194167
List the prime factors of 39192666.
2, 3, 1181, 5531
What are the prime factors of 1136501317?
7, 162357331
List the prime factors of 678410383.
7, 593, 163433
List the prime factors of 68877983.
19, 47, 137, 563
List the prime factors of 101264647.
11, 757, 12161
List the prime factors of 1322511781.
61, 2539, 8539
List the prime factors of 615278712.
2, 3, 25636613
What are the prime factors of 12780422?
2, 6390211
List the prime factors of 100226259.
3, 7, 1590893
What are the prime factors of 42167294?
2, 13, 1621819
What are the prime factors of 6800595248?
2, 61, 6967823
What are the prime factors of 113202965?
5, 53, 427181
What are the prime factors of 295861948?
2, 17, 4350911
List the prime factors of 13373156.
2, 3343289
What are the prime factors of 38121999?
3, 19, 53, 12619
List the prime factors of 3033955913.
3033955913
What are the prime factors of 309590160?
2, 3, 5, 11, 117269
List the prime factors of 4174576062.
2, 3, 389, 521, 3433
What are the prime factors of 47580110?
2, 5, 17, 279883
List the prime factors of 470177056.
2, 37, 67, 5927
List the prime factors of 996389043.
3, 13, 2081, 12277
What are the prime factors of 141129259?
141129259
List the prime factors of 291281621.
17, 1597, 10729
What are the prime factors of 731383014?
2, 3, 121897169
What are the prime factors of 21809094?
2, 3, 89, 40841
What are the prime factors of 5708255718?
2, 3, 11, 151, 419, 1367
What are the prime factors of 162469987?
162469987
List the prime factors of 618827541.
3, 206275847
List the prime factors of 223576466.
2, 111788233
List the prime factors of 2828313372.
2, 3, 233, 431, 2347
List the prime factors of 7450121722.
2, 139, 26798999
List the prime factors of 808838222.
2, 2213, 182747
What are the prime factors of 3844916511?
3, 1281638837
List the prime factors of 164896861.
71, 2322491
List the prime factors of 129144445.
5, 691, 37379
What are the prime factors of 37500566?
2, 19, 986857
List the prime factors of 50918252.
2, 7, 11, 19, 113
List the prime factors of 2411134312.
2, 61, 277, 17837
What are the prime factors of 961027721?
961027721
What are the prime factors of 5305071?
3, 17, 104021
What are the prime factors of 1998584352?
2, 3, 6939529
What are the prime factors of 84622621?
84622621
What are the prime factors of 7444331?
7444331
List the prime factors of 67753279.
11, 17, 41, 8837
What are the prime factors of 42858038?
2, 41, 522659
What are the prime factors of 373683475?
5, 11, 151, 8999
List the prime factors of 7907910451.
7, 17, 521, 127549
What are the prime factors of 2315982522?
2, 3, 7, 17, 251, 12923
What are the prime factors of 73267660?
2, 5, 3663383
List the prime factors of 69465125.
5, 59, 9419
List the prime factors of 74936701.
7, 107, 100049
List the prime factors of 23444537.
19, 1233923
List the prime factors of 3932231.
103, 38177
List the prime factors of 2458643750.
2, 5, 393383
What are the prime factors of 31095222?
2, 3, 5182537
What are the prime factors of 2071853559?
3, 257, 99527
List the prime factors of 79315308.
2, 3, 734401
List the prime factors of 371707689.
3, 123902563
What are the prime factors of 796787033?
7, 43, 2647133
What are the prime factors of 73379233?
73379233
List the prime factors of 351337722.
2, 3, 58556287
List the prime factors of 53459089.
4057, 13177
List the prime factors of 780766280.
2, 5, 7, 23, 41, 2957
List the prime factors of 3949708.
2, 7, 141061
What are the prime factors of 141424470?
2, 3, 5, 11, 23, 6211
What are the prime factors of 340199846?
2, 7, 157, 22111
List the prime factors of 27691185.
3, 5, 1846079
What are the prime factors of 5531132695?
5, 11, 457, 220057
What are the prime factors of 863712771?
3, 29, 9927733
What are the prime factors of 7932062?
2, 751, 5281
What are the prime factors of 750112512?
2, 3, 976709
List the prime factors of 606350089.
606350089
List the prime factors of 4369894957.
29, 8447, 17839
List the prime factors of 111960505.
5, 22392101
List the prime factors of 6709515444.
2, 3, 20708381
What are the prime factors of 4362388208?
2, 37, 7368899
List the prime factors of 293470939.
37, 61, 130027
List the prime factors of 1247295199.
31, 83, 484763
List the prime factors of 5330238.
2, 3, 888373
List the prime factors of 934220308.
2, 7, 33365011
List the prime factors of 26627117.
11, 17, 142391
What are the prime factors of 110009292?
2, 3, 9167441
What are the prime factors of 156779400?
2, 3, 5, 31, 8429
What are the prime factors of 423881021?
423881021
What are the prime factors of 1554958900?
2, 5, 11, 128509
List the prime factors of 162469177.
13, 47, 139, 1913
List the prime factors of 284101205.
5, 19, 31, 96469
What are the prime factors of 2847641?
103, 27647
What are the prime factors of 19511150?
2, 5, 390223
List the prime factors of 700546857.
3, 23, 89, 114077
What are the prime factors of 42620487?
3, 7, 13, 156119
List the prime factors of 527541527.
527541527
List the prime factors of 2231244783.
3, 229, 1082603
What are the prime factors of 50769319?
50769319
List the prime factors of 3825051208.
2, 11, 223, 194917
List the prime factors of 674777998.
2, 2729, 123631
What are the prime factors of 59134451?
29, 2039119
List the prime factors of 69238272.
2, 3, 45077
What are the prime factors of 1658920565?
5, 10271, 32303
List the prime factors of 402479705.
5, 157, 512713
What are the prime factors of 4193809359?
3, 761, 1836973
What are the prime factors of 521807684?
2, 53, 71, 34667
List the prime factors of 17458248.
2, 3, 727427
List the prime factors of 354124871.
181, 701, 2791
What are the prime factors of 38728367?
59, 431, 1523
List the prime factors of 1084383603.
3, 563, 214009
List the prime factors of 4230432.
2, 3, 37, 397
What are the prime factors of 667674416?
2, 43, 970457
What are the prime factors of 2248222916?
2, 367, 1531487
What are the prime factors of 147099487?
17, 61, 141851
List the prime factors of 9975824.
2, 107, 5827
What are the prime factors of 129943959?
3, 43314653
List the prime factors of 1955249467.
97, 20157211
What are the prime factors of 17700676?
2, 7, 89, 7103
List the prime factors of 38019045.
3, 5, 2534603
List the prime factors of 37877600.
2, 5, 113, 419
What are the prime factors of 2098888821?
3, 31, 983, 2551
List the prime factors of 741490115.
5, 148298023
List the prime factors of 4232237290.
2, 5, 423223729
What are the prime factors of 83663889?
3, 367, 75989
What are the prime factors of 925433644?
2, 59,